{"id":2,"date":"2023-05-20T13:16:18","date_gmt":"2023-05-20T16:16:18","guid":{"rendered":"http:\/\/solidchain.ar\/?page_id=2"},"modified":"2023-05-26T16:11:55","modified_gmt":"2023-05-26T19:11:55","slug":"about","status":"publish","type":"page","link":"https:\/\/solidchain.ar\/index.php\/about\/","title":{"rendered":"About"},"content":{"rendered":"\n<figure class=\"wp-block-image size-full is-resized\"><img loading=\"lazy\" decoding=\"async\" src=\"https:\/\/solidchain.ar\/wp-content\/uploads\/2023\/05\/recortada.jpg\" alt=\"\" class=\"wp-image-11\" width=\"215\" height=\"206\" srcset=\"https:\/\/solidchain.ar\/wp-content\/uploads\/2023\/05\/recortada.jpg 600w, https:\/\/solidchain.ar\/wp-content\/uploads\/2023\/05\/recortada-300x288.jpg 300w\" sizes=\"auto, (max-width: 215px) 100vw, 215px\" \/><\/figure>\n\n\n\n<p>Como profesional en el campo de la inform\u00e1tica, he adquirido una amplia experiencia y conocimiento en diversas \u00e1reas relacionadas con la tecnolog\u00eda. Mi enfoque principal en el \u00e1mbito corporativo se centra en el desarrollo web, donde he adquirido habilidades s\u00f3lidas tanto en el frontend como en el backend y bases de datos. Me apasiona la creaci\u00f3n de aplicaciones web interactivas y funcionales que brinden una experiencia excepcional a los usuarios.<\/p>\n\n\n\n<p>Adem\u00e1s de mi trabajo en el \u00e1mbito corporativo, tengo un inter\u00e9s apasionado por las tecnolog\u00edas blockchain. Me dedico a proyectos personales en el \u00e1mbito de esta tecnolog\u00eda, programando contratos inteligentes, NFT y vincul\u00e1ndolos por medio de Web3.<\/p>\n","protected":false},"excerpt":{"rendered":"<p>Como profesional en el campo de la inform\u00e1tica, he adquirido una amplia experiencia y conocimiento [&hellip;]<\/p>\n","protected":false},"author":1,"featured_media":0,"parent":0,"menu_order":0,"comment_status":"closed","ping_status":"closed","template":"","meta":{"_uf_show_specific_survey":0,"_uf_disable_surveys":false,"footnotes":""},"class_list":["post-2","page","type-page","status-publish","hentry"],"aioseo_notices":[],"_links":{"self":[{"href":"https:\/\/solidchain.ar\/index.php\/wp-json\/wp\/v2\/pages\/2","targetHints":{"allow":["GET"]}}],"collection":[{"href":"https:\/\/solidchain.ar\/index.php\/wp-json\/wp\/v2\/pages"}],"about":[{"href":"https:\/\/solidchain.ar\/index.php\/wp-json\/wp\/v2\/types\/page"}],"author":[{"embeddable":true,"href":"https:\/\/solidchain.ar\/index.php\/wp-json\/wp\/v2\/users\/1"}],"replies":[{"embeddable":true,"href":"https:\/\/solidchain.ar\/index.php\/wp-json\/wp\/v2\/comments?post=2"}],"version-history":[{"count":2,"href":"https:\/\/solidchain.ar\/index.php\/wp-json\/wp\/v2\/pages\/2\/revisions"}],"predecessor-version":[{"id":12,"href":"https:\/\/solidchain.ar\/index.php\/wp-json\/wp\/v2\/pages\/2\/revisions\/12"}],"wp:attachment":[{"href":"https:\/\/solidchain.ar\/index.php\/wp-json\/wp\/v2\/media?parent=2"}],"curies":[{"name":"wp","href":"https:\/\/api.w.org\/{rel}","templated":true}]}}